/8)/(66/p)?
4
Let m be (5214/44)/(6/52). Suppose -h + 3 = 0, -5*h + 1352 = 4*t - m. What is the tens digit of t?
9
Let q be ((-8)/(-10))/(8/(-20)). Let v be ((-996)/q)/(6 - 7). What is the units digit of v/(-4)*(-12)/(-18)?
3
Let q be (4 + (-4 - -2))*(0 + 1). Let f be -2 - q - 0 - -194. Suppose 11*u - f = 9*u. What is the units digit of u?
5
Let n(v) = -2*v**3 - 3*v**2 + 5*v + 8. Suppose -3*c + y = 8, -34 = 2*c + 4*y - 10. Let w be n(c). Suppose w = 3*s + 14. What is the tens digit of s?
1
Let z = -345 + 449. Let n = 168 + z. What is the hundreds digit of n?
2
Let d(k) = 7*k**2 - 47*k - 15*k**2 + 11*k - 6*k. Let o be d(-5). Suppose 0 = o*l - 6*l - 460. What is the hundreds digit of l?
1
Let x(t) = 2*t**2 + 11*t - 19. Let g be x(-12). Let o = g + -3. What is the tens digit of o?
3
Let g = -7751 - -20612. What is the units digit of g?
1
Let y(r) = 52*r - 365. Let c be y(7). What is the tens digit of (-9)/7 - c - (-5672)/7?
1
Let k = 2613 + -779. Let p(y) = y + 70. Let l be p(-56). Suppose -11*j + k + l = 0. What is the hundreds digit of j?
1
Let w(f) = 2*f**2 - 8*f + 11. Let t be w(3). Suppose 6 = t*s + 1. What is the tens digit of ((-3)/(-9) - s)/((-10)/765)?
5
Suppose 12 = 82*d - 76*d. Suppose 0 = 3*o - 5*g - 1300, -5*o + 1648 + 498 = d*g. What is the units digit of o?
0
Let t(y) = -5*y + 19. Let n be t(4). Let b be (-1268)/n + ((-6)/(-3) - 3). Suppose b = -7*v + 14*v. What is the units digit of v?
1
Suppose 4*t = -q - 2226 + 23049, 6 = t. What is the units digit of q?
9
What is the tens digit of (669/6)/((-19)/(-3078))?
6
Suppose -5*f = 3*r - 55, r + 75 = 6*r + 5*f. Let y(t) = t**3 - 7*t**2 - 24*t + 31. What is the tens digit of y(r)?
9
Let g be (-13)/(-8) + (36/(-32))/(-3). Suppose 4*r - 1484 = r + 2*j, 2*r = -g*j + 1006. What is the hundreds digit of r?
4
Let g(c) = c**2 - 13*c + 12. Let i be g(9). Let l = i + 30. Suppose 97 - 37 = l*r. What is the units digit of r?
0
Suppose -5*k - 2*k = -k. Suppose -d + 5*d - 944 = k. What is the hundreds digit of d?
2
What is the hundreds digit of (7 - 486/12 - -4)*(-906 - 0)?
7
Suppose -1042831 - 694774 = -83*m. What is the ten thousands digit of m?
2
Suppose 4*x + 4*t + 52 = 0, -6*x + 9*x - 5*t + 23 = 0. Let h(l) = -l**3 - 7*l**2 - 11*l - 5. What is the units digit of h(x)?
0
Let l = 257 + -255. What is the units digit of (-12)/8 + l*2445/12?
6
Let m(j) = 40 - 45*j + 59*j - 40*j. Let i = -78 - -73. What is the units digit of m(i)?
0
Let z = 286 - 262. What is the hundreds digit of 1 + z/(-20)*-235?
2
Suppose 13*a - 20 = 9*a. Let z(c) = 10*c**2 - 2*c + 17. What is the tens digit of z(a)?
5
Suppose -207631 = -23*n + 54937. What is the units digit of n?
6
Let y(j) = -23*j - 411. Let u be y(-14). Let k = 958 + u. What is the tens digit of k?
6
What is the units digit of 326301/276 - (22/(-8) - -2)?
3
Suppose 3*k = 2*a + 5 + 3, -4*k = 5*a - 26. Suppose a*s = -2*s + 16. What is the hundreds digit of (s/(-10))/(-1 + 1276/1280)?
1
Suppose -4*z + 3*r + 443 = 0, z - 3*r = -4*r + 102. Suppose m - 3*m = 164. Let q = m + z. What is the tens digit of q?
2
Let t = 302 + -84. Suppose -i - 549 = -696. Let p = t - i. What is the tens digit of p?
7
Let p = 11490 - 5250. Suppose 0 = 8*o + 7*o - p. What is the hundreds digit of o?
4
Let d be (-2 - (-5)/2)/((-1)/(-50)). Suppose 3*z - 10 = -d. What is the units digit of (1425/(-20))/z - (-2)/(-8)?
4
Let c = -100 + 101. What is the units digit of ((-2961)/14 + 1)*c*-2?
1
Let w(u) be the third derivative of -27*u**4/8 - 20*u**3 - 56*u**2. What is the hundreds digit of w(-10)?
6
Let x(h) = -350*h**3 - 30*h**2 + 26*h + 142. What is the thousands digit of x(-5)?
3
Let x(o) = 12*o**2 + 13*o + 4. Let a(p) = -12*p**2 - 12*p - 3. Let y(d) = -4*a(d) - 3*x(d). Let f = -10 - -6. What is the units digit of y(f)?
6
Let z(q) = 350*q**2 + 490*q + 4201. What is the ten thousands digit of z(-9)?
2
Let u(k) = 25 + 43*k**2 + 47*k + 12*k**2 - 57*k. What is the units digit of u(3)?
0
Let m = -306 + 136. Let c = 270 + m. What is the hundreds digit of c + -1*(2 + -3)?
1
Let v = 5751 - 4168. What is the tens digit of v?
8
Suppose -s + 391 = -2*z, 221*s + 2*z = 217*s + 1534. What is the tens digit of s?
8
Let d(l) = l**3 - 5*l**2 - 4*l - 29. Let q be d(9). Suppose q = 3*a - 320. What is the tens digit of a?
9
Let k be (14/56*-7)/(2/(-136)). Suppose -2*d - 5*l = -k, 2*l - 1 = l. What is the units digit of d?
7
Suppose 0 = -105*f + 100*f + 115. Suppose 26*r = f*r + 3291. What is the units digit of r?
7
Suppose 19*s = -5*s - 384. Let r = 482 - s. What is the units digit of r?
8
Let v(y) = -y**3 - 3*y + 3. Let s be v(1). What is the tens digit of (-76)/570 + (s - (-10144)/30)?
3
Let v(i) = -i**3 + 4*i**2 + 10*i - 29. Let n be v(5). What is the hundreds digit of (-25)/((0 + 2)/(-12 - n))?
1
Let c(u) = 13*u - 20. Let v be c(7). Let z = v - 68. What is the hundreds digit of 2 - z - (157 + 1)/(-1)?
1
Let m = -37005 + 54154. What is the hundreds digit of m?
1
What is the ten thousands digit of (13 + 225/(-18))/(2/95808)?
2
Suppose 196*n + 32314 = 201*n + k, 5*k + 12931 = 2*n. What is the thousands digit of n?
6
Suppose 408 - 98 = 5*r - 5*x, x = -3*r + 170. Let t = -60 + r. What is the tens digit of t/(-5) - (-7784)/40?
9
Suppose -3*s + 42036 = -3*g, 19242 = s + 4*g + 5260. What is the hundreds digit of s?
0
Let o = -5102 - -11773. What is the units digit of o?
1
Suppose 0 = -127*k - 47*k - 2121799 + 5495137. What is the thousands digit of k?
9
Suppose -l - 103 = -101. What is the thousands digit of ((-1384)/l)/((-10)/45*-3)?
1
Let w(m) = 8*m**3 + 9*m**2 + 141*m + 30. What is the ten thousands digit of w(15)?
3
Let t be (1 - (-2 + 0)) + 1 - 1. Suppose 5*n = -3*h + 341, 216 = t*n - 3*h + h. What is the tens digit of n?
7
Let h(d) = 4*d**3 - 17*d**2 + 7*d - 49. What is the units digit of h(11)?
5
Suppose -2*m = 6*m - 5320. Suppose -z = 4*l - 0*z + m, -331 = 2*l - z. What is the units digit of 2/(4/((-3)/(3/l)))?
3
Suppose 4*k + 3*b - 144478 = -0*b, 0 = k + 6*b - 36088. What is the units digit of k?
4
Let c(u) = 222*u - 221. What is the thousands digit of c(19)?
3
Suppose -20*z = -4*l - 17*z + 11933, -4*l + 2*z + 11930 = 0. What is the tens digit of l?
8
Let p(l) be the first derivative of l**6/360 + 13*l**5/120 - 31*l**4/24 + l**3 - 2. Let t(u) be the third derivative of p(u). What is the units digit of t(7)?
9
Suppose 2*i + 4*y - 5*y = 10109, -5*i - y + 25262 = 0. What is the units digit of i?
3
Suppose 0*g + 1 = 3*l + 4*g, 4*l - g = 14. Suppose 323 + 445 = l*v. Suppose b + 89 - v = 0. What is the hundreds digit of b?
1
Suppose 5*j - 52796 = -18*m + 20*m, -3*j + 5*m + 31670 = 0. What is the tens digit of j?
6
What is the thousands digit of ((-28750)/75)/(3/(-153))?
9
Suppose 0 = -z + 14 - 8. What is the hundreds digit of (3 - -299) + z - -1?
3
Suppose 5*u - 262 = -2. Let g = u + -37. What is the units digit of (423/(-12))/(g/(-40))?
4
Let h(j) = 24155*j - 9897. What is the tens digit of h(3)?
6
Let j(u) be the second derivative of u**3/3 + u**2 - 7*u. Let c be j(2). What is the units digit of 4/12 - (-172)/c?
9
Suppose 68 = -0*b + 4*b. Suppose -b*p - 21 = -10*p. What is the tens digit of p/8 + (-18910)/(-80)?
3
Let j(o) = -38*o + 1505. What is the hundreds digit of j(-31)?
6
Let b be 844/(28/7)*1. Suppose -y + 3 = 1. Suppose -y*v + b = 5*o, -3*v + 95 + 37 = 3*o. What is the tens digit of o?
4
Suppose -103436 - 44265 = -42*y + 143107. What is the tens digit of y?
2
Let p = -11474 - -19390. What is the tens digit of p?
1
What is the hundreds digit of 2/21 + 58698528/3528?
6
Suppose -4*g = -6*c + 2*c + 28, -3*c = 2*g - 26. What is the hundreds digit of c/24 + 2355/9?
2
Let c(n) = -2*n - 21. Let f be c(-13). Suppose 5*h - 66 = v, -f*v + 19 = -2*h + 234. Let q = 70 + v. What is the units digit of q?
9
Let s(o) = 5*o**2 + 25*o + 47. Let a be s(-17). Let k = a - 638. What is the tens digit of k?
2
Let q = -35 + 35. Suppose 3*z - 32 = -2*p + 78, q = 2*z + 3*p - 65. Suppose 2*l + z = 3*l + 5*i, 4*i = -4*l + 160. What is the units digit of l?
0
Let p(y) be the first derivative of 7*y**4/4 + 2*y**3/3 + y**2 - 7*y + 70. What is the hundreds digit of p(3)?
2
Let f = 17474 + -8528. What is the tens digit of f?
4
Suppose 0 = 2*y - 0*k + 2*k - 18, 0 = 2*k - 8. Let j = 18 - 18. Suppose j = y*x - x - 372. What is the units 